What are the prime factors of 17564?
2, 4391
List the prime factors of 46001.
157, 293
List the prime factors of 590.
2, 5, 59
List the prime factors of 698.
2, 349
What are the prime factors of 103132?
2, 19, 23, 59
List the prime factors of 1726.
2, 863
List the prime factors of 2841.
3, 947
List the prime factors of 1431.
3, 53
List the prime factors of 1230.
2, 3, 5, 41
What are the prime factors of 3042?
2, 3, 13
What are the prime factors of 2244?
2, 3, 11, 17
What are the prime factors of 7028?
2, 7, 251
List the prime factors of 10484.
2, 2621
List the prime factors of 2873.
13, 17
List the prime factors of 27724.
2, 29, 239
What are the prime factors of 19022?
2, 9511
What are the prime factors of 1224?
2, 3, 17
What are the prime factors of 59166?
2, 3, 19, 173
List the prime factors of 915.
3, 5, 61
What are the prime factors of 5743?
5743
List the prime factors of 69318.
2, 3, 3851
List the prime factors of 16703.
16703
What are the prime factors of 926?
2, 463
List the prime factors of 106.
2, 53
What are the prime factors of 78707?
78707
List the prime factors of 370.
2, 5, 37
What are the prime factors of 1106?
2, 7, 79
What are the prime factors of 5694?
2, 3, 13, 73
List the prime factors of 1168.
2, 73
List the prime factors of 1066.
2, 13, 41
List the prime factors of 6405.
3, 5, 7, 61
List the prime factors of 7088.
2, 443
List the prime factors of 63799.
63799
List the prime factors of 151.
151
What are the prime factors of 1476?
2, 3, 41
What are the prime factors of 22112?
2, 691
List the prime factors of 15919.
15919
List the prime factors of 310.
2, 5, 31
List the prime factors of 95474.
2, 47737
List the prime factors of 67836.
2, 3, 5653
List the prime factors of 21048.
2, 3, 877
List the prime factors of 64053.
3, 11, 647
What are the prime factors of 7725?
3, 5, 103
List the prime factors of 1423.
1423
What are the prime factors of 19416?
2, 3, 809
What are the prime factors of 4356?
2, 3, 11
What are the prime factors of 1082?
2, 541
What are the prime factors of 8190?
2, 3, 5, 7, 13
What are the prime factors of 2597?
7, 53
List the prime factors of 21782.
2, 10891
What are the prime factors of 3816?
2, 3, 53
List the prime factors of 8053.
8053
What are the prime factors of 2884?
2, 7, 103
What are the prime factors of 483?
3, 7, 23
List the prime factors of 8980.
2, 5, 449
List the prime factors of 76077.
3, 79, 107
List the prime factors of 757.
757
List the prime factors of 20073.
3, 6691
List the prime factors of 2414.
2, 17, 71
List the prime factors of 22232.
2, 7, 397
What are the prime factors of 98857?
11, 19, 43
What are the prime factors of 17368?
2, 13, 167
What are the prime factors of 62259?
3, 20753
List the prime factors of 21453.
3, 7151
List the prime factors of 12684.
2, 3, 7, 151
What are the prime factors of 117694?
2, 83, 709
List the prime factors of 22210.
2, 5, 2221
What are the prime factors of 44675?
5, 1787
List the prime factors of 17815.
5, 7, 509
List the prime factors of 23507.
11, 2137
What are the prime factors of 1031?
1031
What are the prime factors of 9850?
2, 5, 197
List the prime factors of 5467.
7, 11, 71
List the prime factors of 7551.
3, 839
What are the prime factors of 4888?
2, 13, 47
What are the prime factors of 5421?
3, 13, 139
What are the prime factors of 9640?
2, 5, 241
List the prime factors of 138418.
2, 7, 9887
List the prime factors of 998.
2, 499
What are the prime factors of 17250?
2, 3, 5, 23
What are the prime factors of 21507?
3, 67, 107
What are the prime factors of 3633?
3, 7, 173
List the prime factors of 6995.
5, 1399
What are the prime factors of 7963?
7963
List the prime factors of 34413.
3, 11471
List the prime factors of 1598.
2, 17, 47
List the prime factors of 39509.
39509
What are the prime factors of 69087?
3, 23029
What are the prime factors of 72680?
2, 5, 23, 79
What are the prime factors of 5310?
2, 3, 5, 59
List the prime factors of 2945.
5, 19, 31
What are the prime factors of 2380?
2, 5, 7, 17
What are the prime factors of 17964?
2, 3, 499
What are the prime factors of 15249?
3, 13, 17, 23
List the prime factors of 120526.
2, 7, 8609
List the prime factors of 143543.
23, 79
What are the prime factors of 3654?
2, 3, 7, 29
List the prime factors of 1454.
2, 727
What are the prime factors of 1551?
3, 11, 47
List the prime factors of 901.
17, 53
List the prime factors of 30987.
3, 11, 313
What are the prime factors of 907?
907
List the prime factors of 386.
2, 193
List the prime factors of 88923.
3, 29641
List the prime factors of 7700.
2, 5, 7, 11
List the prime factors of 14660.
2, 5, 733
What are the prime factors of 2533?
17, 149
What are the prime factors of 48774?
2, 3, 11, 739
List the prime factors of 60123.
3, 7, 409
List the prime factors of 1384.
2, 173
List the prime factors of 24744.
2, 3, 1031
What are the prime factors of 1416?
2, 3, 59
What are the prime factors of 151?
151
List the prime factors of 53144.
2, 7, 13, 73
List the prime factors of 20755.
5, 7, 593
List the prime factors of 1074.
2, 3, 179
List the prime factors of 909.
3, 101
What are the prime factors of 468?
2, 3, 13
What are the prime factors of 1261?
13, 97
What are the prime factors of 579?
3, 193
List the prime factors of 24754.
2, 12377
What are the prime factors of 3164?
2, 7, 113
What are the prime factors of 6990?
2, 3, 5, 233
List the prime factors of 1014.
2, 3, 13
List the prime factors of 746.
2, 373
What are the prime factors of 132920?
2, 5, 3323
List the prime factors of 2087.
2087
List the prime factors of 11059.
11059
List the prime factors of 15800.
2, 5, 79
List the prime factors of 3748.
2, 937
List the prime factors of 9733.
9733
What are the prime factors of 988?
2, 13, 19
List the prime factors of 23666.
2, 11833
What are the prime factors of 1012?
2, 11, 23
List the prime factors of 795.
3, 5, 53
List the prime factors of 31068.
2, 3, 863
List the prime factors of 30398.
2, 15199
What are the prime factors of 948?
2, 3, 79
List the prime factors of 7378.
2, 7, 17, 31
List the prime factors of 249.
3, 83
What are the prime factors of 805?
5, 7, 23
List the prime factors of 10024.
2, 7, 179
List the prime factors of 6578.
2, 11, 13, 23
List the prime factors of 3441.
3, 31, 37
What are the prime factors of 55?
5, 11
List the prime factors of 526.
2, 263
List the prime factors of 6149.
11, 13, 43
What are the prime factors of 19185?
3, 5, 1279
List the prime factors of 1950.
2, 3, 5, 13
List the prime factors of 2059.
29, 71
List the prime factors of 27.
3
List the prime factors of 157826.
2, 23, 47, 73
List the prime factors of 354.
2, 3, 59
What are the prime factors of 22953?
3, 7, 1093
List the prime factors of 796.
2, 199
List the prime factors of 35705.
5, 37, 193
List the prime factors of 218.
2, 109
What are the prime factors of 7903?
7, 1129
What are the prime factors of 62622?
2, 3, 7, 71
List the prime factors of 4486.
2, 2243
List the prime factors of 3465.
3, 5, 7, 11
List the prime factors of 3917.
3917
List the prime factors of 14719.
41, 359
What are the prime factors of 156?
2, 3, 13
List the prime factors of 15726.
2, 3, 2621
What are the prime factors of 14952?
2, 3, 7, 89
List the prime factors of 41905.
5, 17, 29
List the prime factors of 10732.
2, 2683
What are the prime factors of 236?
2, 59
List the prime factors of 428.
2, 107
What are the prime factors of 1258?
2, 17, 37
What are the prime factors of 35403?
3, 11801
What are the prime factors of 58570?
2, 5, 5857
What are the prime factors of 1715?
5, 7
List the prime factors of 85978.
2, 42989
What are the prime factors of 147152?
2, 17, 541
List the prime factors of 1184.
2, 37
List the prime factors of 14176.
2, 443
List the prime factors of 2932.
2, 733
List the prime factors of 2704.
2, 13
List the prime factors of 632.
2, 79
List the prime factors of 362.
2, 181
What are the prime factors of 1305?
3, 5, 29
What are the prime factors of 253?
11, 23
What are the prime factors of 107087?
173, 619
List the prime factors of 15234.
2, 3, 2539
What are the prime factors of 4777?
17, 281
List the prime factors of 2456.
2, 307
List the prime factors of 1111.
11, 101
What are the prime factors of 2027?
2027
What are the prime factors of 1881?
3, 11, 19
List the